96/420 + 4/(-30). Let f be 1837/(-143) + (p - 56/26). Let n = f - -72. What is the tens digit of n?
5
Let t(u) = 81*u**2 + 2*u - 2. Let w be t(4). Suppose 5*s - 2*s - w = 2*b, 3*b = -s + 423. What is the units digit of s?
2
Let s(y) = 233*y + 3007. What is the hundreds digit of s(100)?
3
Let f be (-11)/(-3) + (-18)/(-54) - 184. Let r = 0 - f. What is the hundreds digit of r?
1
Let o = -43445 + 78428. What is the tens digit of o?
8
What is the ten thousands digit of (15883/21)/(4/60) - -7?
1
Let l(p) = 11*p - 16. Let z be l(2). Suppose 2*n = -3*x + 259, -563 = -4*n + z*x - 3*x. What is the units digit of n?
7
Suppose 5*f - 849 = 3*c, -c + 129 + 215 = 2*f. Let s = f + 146. What is the tens digit of s?
1
Suppose -2*k + 2*q - 6*q + 1246 = 0, -q + 2499 = 4*k. Suppose 8*w - 5*i = 4*w + k, 4*i - 652 = -4*w. What is the tens digit of w?
6
Let f = 342 + -176. Let h = 570 - f. What is the units digit of h?
4
Let l = 214 - -967. Suppose -2*u = 10, 0 = -10*c + 7*c - 2*u + l. What is the units digit of c?
7
Let h(d) = 2*d**2 - 3*d. Let p be h(2). Let k be ((-2)/6)/((-26)/7644). Suppose p*q - k = q. What is the units digit of q?
8
Suppose -3*u + 52 = -z + 6*z, 3*u + 3*z = 54. Let p(x) = -40*x + u*x + 3 - 33*x - 77*x. What is the tens digit of p(-1)?
3
What is the ten thousands digit of 203/((8 + -4)/(12 + -4))*142?
5
Suppose 9*u = 7*u + 8. Let w(f) = 40*f**2 - 11*f + 45. What is the units digit of w(u)?
1
Let z(l) = 3*l**3 + 3*l**2 + 29*l - 1. Let j(k) = -16*k**3 - 16*k**2 - 146*k + 4. Let u(i) = 2*j(i) + 11*z(i). What is the hundreds digit of u(7)?
5
Let h(x) = -23371*x**2 + 7*x + 6. Let d be h(-4). Let r be 1/(-3) - d/78. What is the units digit of (10/(-9))/(-5) + r/54?
9
Suppose -38*j = -9272 - 13262. Let f be ((-804)/(-10))/((-2)/10). Let t = f + j. What is the tens digit of t?
9
Suppose 247*f = 249*f + a - 2095, 0 = -2*f + 2*a + 2116. What is the thousands digit of f?
1
Suppose 12*t = -529 - 1199. Let f = t - -379. Suppose -5*i + 4 = -1, 2*u - f = 3*i. What is the tens digit of u?
1
What is the hundreds digit of ((-476441)/87)/((-42)/180)?
4
Let j = -30304 + 42825. What is the tens digit of j?
2
Let w be 7918/(-222) - 2/6. What is the hundreds digit of ((-8)/w - 0) + (-6620)/(-18)?
3
Let q = 0 + 10. Suppose 0 = 3*j + 2*j - q. Suppose l = -j*l + 213. What is the tens digit of l?
7
What is the thousands digit of (-908)/(-5)*(-1620)/(-48)?
6
Let d(o) = -4*o - 34. Let g be d(-10). What is the tens digit of 243 - -3*(8/g + 0)?
4
Let f(k) = 13*k**2 - 3*k + 6. Let c be f(2). Suppose -6*x = 7*x - c. Suppose -x*y + 954 = 5*y. What is the tens digit of y?
0
Suppose 25*x - 22*x - 5*g - 7463 = 0, -5*x = 5*g - 12505. What is the hundreds digit of x?
4
Suppose 4*x - 2*x + 284 = -4*m, 0 = 4*m - 2*x + 268. Let q = m + -168. What is the units digit of q/(-4) - (-4)/(-16)?
9
Suppose 2*u = -6, n + 7*u - 2746 = 5*u. What is the tens digit of n?
5
Suppose 0 = 2*w - 3*l - 62, -3*w + 148 = -5*l + 55. What is the hundreds digit of 470 + (-4 - w)/7?
4
Let w(c) = 306*c - 36 + 66 - 36 + 225*c. What is the tens digit of w(1)?
2
Let v = 2441 - -8002. What is the thousands digit of v?
0
Let r be 3*106/18*15. What is the tens digit of 5 + 0 + -1 + -233 + r?
3
Let d(w) = -2*w**3 - 25*w**2 - 81*w + 49. What is the thousands digit of d(-19)?
6
Let q = 766 + -758. What is the units digit of 8/6 + (35944/3)/q?
9
Suppose -d + 3*c = -3028, 0 = -3*d + 4*d + 3*c - 3010. What is the tens digit of d?
1
Let s(y) = 107*y + 192. Suppose 0 = 650*g - 656*g + 42. What is the hundreds digit of s(g)?
9
Let v = 54 + -88. Let q = v - -38. What is the units digit of 16/q - 0/(-3)?
4
Let z = 8122 - 4144. What is the units digit of z?
8
Let b(k) be the first derivative of -35*k**2 + 2*k + 2. Let r be b(-2). Suppose -5*g - 3*o + 260 = 0, -6*g = -3*g - o - r. What is the tens digit of g?
4
Let z(n) = -3706*n + 8*n**2 + 10*n**2 + 3686*n - 116. What is the units digit of z(-6)?
2
Let r(l) = -8*l - 9. Let f be r(-3). What is the units digit of ((17118/f)/3)/((-42)/(-105))?
1
What is the ten thousands digit of ((-36)/2 + 30)/(6/8788)?
1
Suppose 24*d + 708 = 30*d. What is the units digit of d?
8
Let r = -91 - -156. Suppose -70 = -h - r. Suppose -2*k = -f - k + 4, -4*f - h*k = 11. What is the units digit of f?
1
Suppose -11*g + 8*g = -60. Suppose -l - g + 35 = 0. Suppose 6*y - l = 3*y. What is the units digit of y?
5
Let y(m) = -38*m + 8. Let t be y(-13). Suppose 2*q + k - t + 207 = 0, 5*q - 2*k - 724 = 0. What is the units digit of q?
6
Let v(n) = -n**3 - 4*n**2 + 6*n + 8. Let l be v(-5). Suppose l*r - 438 = -4*m + 144, -5*m + 731 = 2*r. What is the hundreds digit of m?
1
Let w = 250 - 238. Suppose -4*c = -3*s + 3276, 10*c - 3282 = -3*s + w*c. What is the units digit of s?
6
Let x = -6 + 11. Suppose 3*u + n - 893 = u, x*n - 1336 = -3*u. What is the hundreds digit of u?
4
Let g(t) be the second derivative of -3*t**5/4 - t**4/4 - t**3/3 + t**2/2 - 20*t. What is the units digit of g(-2)?
3
Let v(d) = 66*d - 39. Let i(r) = 132*r - 74. Let l(t) = -2*i(t) + 5*v(t). What is the tens digit of l(14)?
7
Suppose 0 = b - 1 - 9. Suppose 4*o = -2*z + 5*z + 23, -b = 2*z. Suppose -3*i - 8*s = -3*s - 47, -4*i + o*s + 54 = 0. What is the tens digit of i?
1
Let k be 34/(-2) - -4 - 2. Let t be (0 - 9 - 0)*10/k. What is the hundreds digit of (-1175)/(-11) - 5*t/(-165)?
1
Let i be 6/4*(0 + 48/9). Suppose -i = 4*n - 6*n. Suppose f + n*a + 4 = 77, 0 = a - 2. What is the units digit of f?
5
Let o(w) = -11*w + 3*w**3 - 29*w**2 - 10*w - 9*w**3 + 4*w**3 + 24. What is the hundreds digit of o(-15)?
5
Let p be -132 - -122 - (0 + -16). Suppose 5*l = 1186 - 36. Suppose x + l = p*x. What is the units digit of x?
6
Suppose 0 = -q - d - 170, -555 - 295 = 5*q - 3*d. What is the tens digit of 2/(-4)*12*q/3?
4
Suppose -3*o + l = -18753, 0 = -5*o + 7*o + 4*l - 12488. Suppose -21*p = -3368 - o. What is the units digit of p?
8
Suppose 88*x = 14*x + 544788. What is the hundreds digit of x?
3
Suppose 0 = 7*q - 11 - 10. Suppose -q*z = 9*z - 4548. What is the hundreds digit of z?
3
Let a(v) = -3*v + 19. Let n be a(4). What is the units digit of -5 - 206*n/(-14)?
8
Suppose -65*l + 254192 = -511118. What is the tens digit of l?
7
Suppose -2*a + 12070 = 5*n, -3*n + 7263 = -171*a + 168*a. What is the hundreds digit of n?
4
Suppose -16*k = -64933 - 101796 - 72935. What is the units digit of k?
9
Let p = -213 - -217. Suppose -12*v + p*v = -6920. What is the units digit of v?
5
Let f be (-1 + -1 + 3)*103. Suppose 12*z + 62 = 86. Suppose f - 27 = z*b. What is the tens digit of b?
3
Suppose -n = 3*d - 4*d - 911, 3*d = 5*n - 4559. Suppose -1059 - n = -4*g. Suppose -2*p + 244 = r, -r = -4*p + g - 5. What is the units digit of p?
2
Let o(w) be the first derivative of 3*w**2/2 - 9*w - 9. Let r be o(0). Let v = r - -31. What is the tens digit of v?
2
Let p(b) = 2*b**3 + b**2 + 8*b - 9. Let y be p(11). Suppose 3*k - y = -3*h, -979 = -k + 2*h + 2*h. What is the tens digit of k?
5
Let h(a) = -10*a + 51. Suppose -5*j - 19 = 3*v, 0 = -3*v + 4*j - 3*j - 25. Let i = v + -7. What is the tens digit of h(i)?
0
Suppose 4*h + 11*h - 91440 = 0. What is the tens digit of h?
9
Let c(v) be the second derivative of 21*v**5/10 + v**4/6 + v**3/3 + v**2/2 - 183*v. What is the thousands digit of c(3)?
1
Suppose -20*u - k = -21*u + 6582, 0 = 4*u + 4*k - 26328. What is the units digit of u?
2
Suppose 6*i - 3*i - 21 = 0. Let j(v) = v**3 - 9*v**2 + 14*v + 8. Let o be j(i). Suppose 4*x - 3*h = 340, -4*x + o*h + 336 = 4*h. What is the units digit of x?
8
Let h(v) = -78*v**3 - 6*v**2 - 6*v + 1. Let n = 221 - 223. What is the hundreds digit of h(n)?
6
Let v(y) = -y**3 - 25*y**2 - 23*y + 35. Let a be v(-24). Suppose a*r - 35 = 4*r. What is the tens digit of (-8)/40 + 326/r + 3?
6
Let h = 90 - 90. Suppose h = 250*y - 244*y - 9150. What is the tens digit of y?
2
Let q(b) = 33*b**2 - 3*b + 16. Let y be q(3). Suppose -y = -7*g - 24. What is the tens digit of g?
4
Let x = -115 - -204. Let n(a) = -6*a - 28. Let q be n(7). Let y = x + q. What is the tens digit of y?
1
What is the thousands digit of (-30)/(-5) - (-27504)/((-24)/(-6))?
6
Suppose -4*k + 40497 = 4*r - 22567, 78758 = 5*k - 4*r. What is the thousands digit of k?
5
Let c(k) = 34*k**2 - 74*k - 1931. What is the thousands digit of c(-24)?
9
Sup